11.
-250
What is -14540 (base 6) in base 16?
-93c
Convert -100022102 (base 3) to base 10.
-6788
Convert 1040 (base 5) to base 9.
171
What is 26b (base 13) in base 4?
12223
Convert -4403 (base 5) to base 10.
-603
What is -d06 (base 15) in base 11?
-2225
Convert a73 (base 13) to base 10.
1784
What is 1203 (base 4) in base 5?
344
Convert -b35 (base 12) to base 8.
-3131
What is -41443 (base 5) in base 15?
-c33
1002101 (base 3) to base 9
1071
Convert 120 (base 16) to base 4.
10200
Convert 554 (base 13) to base 3.
1020212
What is 49ab (base 15) in base 7?
63506
Convert -3114 (base 11) to base 14.
-170d
Convert -41011 (base 5) to base 2.
-101001000111
302010 (base 4) to base 13
15c6
2243121 (base 5) to base 6
511031
2d97 (base 15) to base 16
2659
Convert acb (base 13) to base 16.
741
Convert 1001011212 (base 3) to base 8.
50077
Convert -2011220 (base 3) to base 8.
-3066
-3003 (base 5) to base 15
-1a3
What is -2032332 (base 5) in base 15?
-9db2
What is -405 (base 16) in base 13?
-612
76460 (base 10) to base 8
225254
-11350 (base 7) to base 3
-11000101
434 (base 10) to base 15
1de
Convert 33150 (base 8) to base 6.
144252
Convert 4a97 (base 11) to base 16.
19f0
Convert 1321 (base 16) to base 5.
124042
238 (base 11) to base 2
100011011
What is 121131 (base 5) in base 14?
1925
-486 (base 10) to base 12
-346
What is 100011110111 (base 2) in base 13?
1077
Convert -359 (base 12) to base 15.
-236
Convert 2a2 (base 13) to base 11.
398
What is -622 (base 7) in base 4?
-10312
Convert -144314 (base 5) to base 7.
-24050
-2484 (base 16) to base 3
-110211020
10062 (base 12) to base 7
114446
What is -110001001001 (base 2) in base 8?
-6111
Convert 588 (base 11) to base 10.
701
100101111110 (base 2) to base 12
14a6
3c69 (base 13) to base 4
2020002
Convert 66 (base 8) to base 16.
36
What is 95a (base 11) in base 16?
482
What is 242020 (base 5) in base 10?
9010
What is 1155 (base 7) in base 13?
273
What is -3221 (base 4) in base 12?
-175
6f (base 16) to base 4
1233
What is 250 (base 11) in base 8?
451
Convert 1a1d (base 14) to base 15.
1606
Convert 8239 (base 13) to base 2.
100011000101010
Convert -15c47 (base 13) to base 4.
-22022201
176 (base 16) to base 6
1422
Convert 141044 (base 6) to base 11.
9a14
-103 (base 12) to base 4
-2103
What is 1c11 (base 13) in base 16?
108f
384 (base 14) to base 8
1300
Convert 1a00 (base 14) to base 11.
3597
-522 (base 15) to base 10
-1157
20221202 (base 3) to base 11
3899
What is -b15 (base 14) in base 10?
-2175
What is 184 (base 13) in base 12?
1b1
2374 (base 10) to base 3
10020221
What is -343a (base 12) in base 14?
-218a
Convert -2a67 (base 13) to base 3.
-22110111
Convert 1012212 (base 3) to base 14.
475
422 (base 14) to base 7
2242
Convert 2122 (base 5) to base 13.
191
-2b01 (base 12) to base 9
-6821
-1b4 (base 15) to base 14
-202
What is 222110 (base 3) in base 5?
10324
What is 6852 (base 14) in base 13?
8318
Convert -453 (base 7) to base 14.
-12a
-2c1 (base 16) to base 2
-1011000001
Convert 200201000 (base 3) to base 9.
20630
What is 220002 (base 3) in base 5?
10100
What is 2857 (base 10) in base 9?
3824
What is -908 (base 11) in base 7?
-3125
-6241 (base 13) to base 6
-142501
Convert 51504 (base 6) to base 15.
208a
What is 642 (base 8) in base 13?
262
Convert -2389 (base 12) to base 6.
-30253
2186 (base 9) to base 14
837
Convert 1111101011110 (base 2) to base 5.
224110
-42 (base 9) to base 10
-38
What is -1695 (base 13) in base 4?
-310011
Convert -18297 (base 10) to base 13.
-8436
What is -52153 (base 6) in base 7?
-26232
What is -16024 (base 11) in base 15?
-6aa3
-12a8 (base 14) to base 4
-303110
Convert -8e3 (base 15) to base 12.
-11b9
1b5 (base 14) to base 2
101100011
1255 (base 6) to base 5
2243
What is -2600 (base 13) in base 12?
-3168
Convert -11110100111000 (base 2) to base 3.
-210111110
Convert -1227 (base 8) to base 2.
-1010010111
Convert -32552 (base 7) to base 9.
-12178
-768 (base 10) to base 3
-1001110
Convert -5110 (base 7) to base 2.
-11011101011
What is -2a3 (base 11) in base 5?
-2410
-8e (base 15) to base 2
-10000110
What is -447 (base 13) in base 12?
-513
Convert 8834 (base 12) to base 9.
22534
2001 (base 5) to base 15
11b
110111101 (base 2) to base 3
121111
1854 (base 14) to base 16
1122
11012 (base 3) to base 10
113
121443 (base 5) to base 13
2148
1d0 (base 14) to base 15
1a3
Convert -204251 (base 7) to base 11.
-24428
Convert -233333 (base 5) to base 14.
-31bb
Convert 1cc2 (base 15) to base 7.
24146
Convert -17322 (base 10) to base 7.
-101334
-94c8 (base 15) to base 7
-160505
Convert 409 (base 15) to base 11.
757
Convert -641 (base 9) to base 7.
-1345
-10432 (base 5) to base 3
-1000111
7775 (base 9) to base 8
13152
What is -4 (base 7) in base 5?
-4
4a73 (base 11) to base 16
19d6
Convert 6110 (base 12) to base 9.
15383
-4412 (base 5) to base 10
-607
Convert 8923 (base 10) to base 11.
6782
-596 (base 14) to base 7
-3146
-1312100 (base 4) to base 12
-4468
-1682 (base 12) to base 2
-101010000010
-121020000 (base 3) to base 14
-444a
What is a93b (base 13) in base 6?
300553
Convert 57372 (base 8) to base 13.
b0b4
Convert -4ee (base 15) to base 4.
-101210
-25263 (base 8) to base 9
-15885
What is -17a6 (base 16) in base 12?
-3606
Convert -100 (base 5) to base 6.
-41
What is -20320 (base 4) in base 3?
-210001
What is -2122100 (base 3) in base 5?
-30201
Convert 187 (base 10) to base 15.
c7
Convert 2452 (base 14) to base 6.
45212
21001211 (base 3) to base 14
1c40
Convert -619 (base 10) to base 13.
-388
1202022 (base 3) to base 13
773
-1110100010010000 (base 2) to base 11
-40804
-211133 (base 4) to base 14
-c35
1001101011101 (base 2) to base 16
135d
Convert -1122145 (base 6) to base 14.
-16d69
205242 (base 7) to base 8
105201
-1d8 (base 14) to base 3
-112022
Convert -2427 (base 13) to base 14.
-1c07
Convert -39a3 (base 11) to base 4.
-1101023
What is 110000 (base 4) in base 2?
10100000000
What is -45042 (base 8) in base 13?
-883b
What is 323b (base 12) in base 8?
12617
237 (base 13) to base 9
466
What is 14150 (base 7) in base 9?
5255
What is -152221 (base 6) in base 7?
-61033
-14550 (base 6) to base 15
-a80
What is 111201 (base 4) in base 6?
10213
What is -6c2 (base 14) in base 4?
-111002
Convert 135 (base 14) to base 11.
201
Convert 750 (base 14) to base 16.
5a2
Convert -12310 (base 5) to base 9.
-1271
What is -321 (base 7) in base 14?
-b8
-921 (base 10) to base 16
-399
416 (base 10) to base 7
1133
What is -1001010 (base 2) in base 12?
-62
2088 (base 9) to base 10
1538
5e76 (base 16) to base 9
36148
What is -369 (base 13) in base 11?
-4a0
130111 (base 4) to base 8
3425
Convert 53299 (base 10) to base 15.
10bd4
What is -10110001100 (base 2) in base 5?
-21140
What is -132151 (base 6) in base 10?
-12163
Convert -140304 (base 5) to base 9.
-7737
What is 152 (base 11) in base 9?
217
Convert 4db9 (base 16) to base 10.
19897
6d8 (base 15) to base 16
611
9140 (base 11) to base 12
7040
1000000001 (base 2) to base 10
513
2a54 (base 11) to base 14
160b
254451 (base 6) to base 4
11220133
Convert aa (base 16) to base 8.
252
Convert 330320 (base 5) to base 16.
2c47
What is -1c7 (base 13) in base 3?
-110022
Convert -547 (base 12) to base 7.
-2155
What is -13213 (base 13) in base 4?
-20222302
Convert -22223 (base 5) to base 3.
-2010220
What is 33a (base 12) in base 3?
122201
220311 (base 4) to base 3
10120210
What is -1212222002 (base 3) in base 6?
-444002
-513 (base 10) to base 8
-1001
-1986 (base 11) to base 13
-11b5
What is -26268 (base 9) in base 3?
-220022022
What is -21100212 (base 3) in base 16?
-14f9
Convert -2058 (base 16) to base 6.
-102200
-50153 (base 8) to base 16
-506b
What is 2065 (base 11) in base 8?
5255
Convert 20152 (base 6) to base 7.
10520
What is -4ba9 (base 14) in base 12?
-7829
What is c5 (base 14) in base 16?
ad
Convert 300440 (base 5) to base 6.
111543
Convert 69 (base 14) to base 4.
1131
131232 (base 4) to base 8
3556
What is 2558 (base 9) in base 4?
131330
-42f (base 16) to base 8
-2057
Convert 1400 (base 10) to base 5.
21100
Convert 40131 (base 7) to base 12.
5723
Convert -70331 (base 8) to base 14.
-a757
-10011 (base 3) to base 4
-1111
Convert 743 (base 12) to base 2.
10000100011
-17 (base 9) to base 3
-121
What is 2102313 (base 4) in base 9?
13803
What is -303 (base 5) in base 2?
-1001110
Convert 433